et w(n) = -3*a(n) - m(n). What are the prime factors of w(-1)?
2, 37
Let a be (3/4)/(5/(-140)). What are the prime factors of ((-308)/a)/((-2)/(-3))?
2, 11
Suppose 0 = w + 5*p + 1, -w + 3*p = -2*w + 5. Suppose -q - w + 20 = 0. List the prime factors of q.
2, 3
Let k = -35 - -56. Suppose -u + 4*u - k = 0. What are the prime factors of u + (-1 + 2 - 0)?
2
Let t(z) = z**3 + 5*z**2 - 8*z - 10. Let d be t(-6). Suppose 82 = 3*f + 2*w, 138 = 5*f - d*w + 6*w. What are the prime factors of f?
2, 13
Suppose 0 = x + 22 - 282. What are the prime factors of x?
2, 5, 13
Let z = -1381 - -3250. List the prime factors of z.
3, 7, 89
Suppose -5*g = -25, -3*p - 72 = -4*g + g. Let f = -10 - p. Let y = f + 9. List the prime factors of y.
2, 3
Let l be (12/10)/(6/20). Suppose 4*i - 2*u = 14, -4*i + 3*i + 8 = l*u. List the prime factors of i.
2
Let z be (-16)/4 - 0 - -6. Let o be 3 + (z - 3/(-3)). Suppose 4 = -5*a + o*a. List the prime factors of a.
2
Let j be (-678)/24 + (-1)/(-4). Let g = -28 - j. Suppose g*h = 3*h - 54. What are the prime factors of h?
2, 3
Let c(t) = -161*t + 4. What are the prime factors of c(-7)?
3, 13, 29
Let t(a) = a - 1. Let d(x) = -x**3 - 3*x**2 + 2*x + 2. Let n be d(-4). What are the prime factors of t(n)?
3
Let b(c) = 15*c**2 + 6*c - 13. What are the prime factors of b(-5)?
2, 83
Suppose 5*o = -a + 4*a + 20, 20 = 5*o + 4*a. Suppose -t = t - 5*m - 73, 0 = -4*m - o. What are the prime factors of t?
2, 17
What are the prime factors of (-6)/12 + (-725)/(-2)?
2, 181
Suppose -2*h - 81 = -323. List the prime factors of h.
11
Let g = -586 - -1314. List the prime factors of g.
2, 7, 13
Let d = 157 - -34. List the prime factors of d.
191
Let l(i) = 91*i + 3. What are the prime factors of l(1)?
2, 47
Let t be (-1 - 3) + 8 + -1. Suppose -y - 2*o = -55, 8*y - 3*y + t*o = 282. What are the prime factors of y?
3, 19
Suppose 27*a - 31254 = 21*a. What are the prime factors of a?
5209
Let z = 96 + -18. List the prime factors of z.
2, 3, 13
Suppose 4*l = 5*y + 3, 2*l = -5*y + 13 - 4. Suppose -l*u = 10 + 6. Let b = u - -19. What are the prime factors of b?
11
Suppose -2*k + 3*x = 3, -14 = -4*k - 2*x + 4. Suppose -2*r + 8 = 0, k*g - 4*r = g + 186. What are the prime factors of g?
101
Suppose -20*g = -22*g + 268. Let f = g - 14. List the prime factors of f.
2, 3, 5
Let c(f) = -85 - 49*f**3 + 86 - 2*f + 3*f. List the prime factors of c(-1).
7
Suppose -4*r - 43 = -3*x + r, 5*x - 4*r = 63. Let c = 16 - x. Suppose 48 = -2*g + c*g. List the prime factors of g.
2
Let f = -22 + 21. Let o be 42 + 3 + (f - 2). Let b = 65 - o. What are the prime factors of b?
23
Let m(d) = -d + 1112. What are the prime factors of m(-62)?
2, 587
Let u(h) be the first derivative of 69*h**4/4 + h + 8. List the prime factors of u(1).
2, 5, 7
Let h = -1710 - -3557. List the prime factors of h.
1847
Let u = 2233 - 1472. List the prime factors of u.
761
Let d(p) = 2*p**2 + 11*p + 6. Let y(f) = -7*f**3 + 2*f**2 - 1. Let t be y(-1). Let l be d(t). Suppose -4*c + l = 18. List the prime factors of c.
3, 17
Let o = -36 - -64. Let b = -24 + o. What are the prime factors of 2/4*b*6?
2, 3
Let p(d) = 957*d - 14. What are the prime factors of p(1)?
23, 41
Let a be (-4)/(-8)*-2 - -3. Let y = 2 + a. Suppose -m + 5 = -0, -y*j + 3*m + 81 = 0. List the prime factors of j.
2, 3
Let t(b) = 3*b - 8. Let j be t(4). Suppose 2*i + j = -3*d - 10, -3*d - 7 = -5*i. What are the prime factors of ((-13)/(-4))/((-1)/d)?
13
Let t be 1*(-2 + 3/1 + -3). What are the prime factors of (-3248)/(-24) - 3/9*t?
2, 17
Let l(u) = -u + 14. Let o = 9 + 18. Suppose -3*r = -6 - o. List the prime factors of l(r).
3
Let g be 14/6*9 - 3. What are the prime factors of 4 + 2840/g - 4/(-18)?
2, 3
Let i = -4484 - -6326. List the prime factors of i.
2, 3, 307
Suppose -10*b + 1978 + 1432 = 0. List the prime factors of b.
11, 31
Let o(f) = -f**2 - 6*f - 4. Let y be o(-5). Let t be y*-48*(-2)/6. Suppose 0 = 2*a - t - 14. List the prime factors of a.
3, 5
Let l = -1234 - -1942. What are the prime factors of l?
2, 3, 59
Suppose 3*j = -3*q + 297, -2*q = -5*q + 2*j + 282. Suppose 0 = 4*f - 928 - q. What are the prime factors of f?
2
Let h = -154 + 175. Let a = h - -146. What are the prime factors of a?
167
Suppose 4452 = 4*o - 4*b, 14*o - 9*o - 2*b - 5568 = 0. What are the prime factors of o?
2, 557
Let d be (-26 + 27)/(2/206). Suppose -f - 35 = 5*b - d, 204 = 3*f + 3*b. List the prime factors of f.
2, 17
Let b(l) = 5*l + 6 + 3 + l**3 - 6*l - 7*l**2. Let o be b(7). What are the prime factors of 1*(41 - (0 + o))?
3, 13
Let u = 54 + -39. Let n(h) = h**3 - 14*h**2 - 10*h + 10. List the prime factors of n(u).
5, 17
Suppose -4*i + 555 = 5*k - 632, -2*i = -2*k - 616. What are the prime factors of i?
3, 101
Let b be 8 + -10 + 1*5. Suppose 2*r = 6*r + d - 136, 5*d + 79 = b*r. What are the prime factors of r?
3, 11
Let p(w) = 4*w**2 + w + 1. Suppose -3*i = 5*j + 15, -2*j - 12 = -i + 2*j. Suppose 4*v - 25 = 5*x, 5*x + i*x = -5*v + 20. What are the prime factors of p(x)?
2
Let d = 15 - -15. Suppose -13*k - d = -15*k. What are the prime factors of k?
3, 5
Suppose 4*d = 5 - 1, w = -3*d + 6. Let f(v) = -v**3 - 20*v**2 - 2*v + 8. Let l be f(-20). Suppose p = w*p - l. What are the prime factors of p?
2, 3
Suppose -24 = -3*m - m. Let a be (-1 - 3) + 0 + 3. Let q = m - a. What are the prime factors of q?
7
Let k be 6*(-2 + 21/9). Let d(l) = -l**3 + l**2 + 2*l. Let f be d(k). Suppose g - 6*g + 125 = f. List the prime factors of g.
5
Let k be (482/(-6))/(9/(-27)). Suppose -5*s + 326 = 2*a, 5*s - s - 5*a - k = 0. List the prime factors of s.
2
Let o(i) be the third derivative of i**5/12 - i**4/6 + i**3/3 + i**2. Let u be o(6). Suppose u - 43 = 5*w. List the prime factors of w.
23
List the prime factors of 4/10 - (-3546)/10.
5, 71
Let o(q) = q**2 - 6*q + 58. What are the prime factors of o(25)?
13, 41
Suppose 5*w - 5*n - 2934 - 261 = 0, -n = -5*w + 3183. List the prime factors of w.
2, 3, 53
Suppose -6*c + 3*c + 432 = 0. Let l = c - 134. List the prime factors of l.
2, 5
Let l = 11 - -425. What are the prime factors of l?
2, 109
Let d = 622 + -276. What are the prime factors of d?
2, 173
Let y(p) = 3*p**2 + 6*p + 1. Let v be y(-6). Let k = v - 49. What are the prime factors of k?
2, 3
Let n(h) = h**3 - 3*h**2 + 6*h - 5. Let p be n(2). What are the prime factors of -2*(-358)/4 - p?
2, 11
Suppose -8*b = -10*b - 3*v + 567, -4*v = -3*b + 825. What are the prime factors of b?
3, 31
Let r(c) = -117*c**3 + 5*c**2 + 9*c + 6. What are the prime factors of r(-2)?
2, 59
Let u = -603 - -1005. Let i = u + -214. What are the prime factors of i?
2, 47
Suppose -10*t + 3437 + 1483 = 0. Let u = t - 350. List the prime factors of u.
2, 71
Suppose -7*x + 5*x + 6 = 0. List the prime factors of (-2)/(6/(-117)) - x.
2, 3
Let o(a) = -4 + 0 + 0 + 14*a. What are the prime factors of o(3)?
2, 19
Suppose -2*g + 1321 = 5*d, -7*d + 6*d = 5*g - 3337. What are the prime factors of g?
2, 167
Let t = 1561 + -170. What are the prime factors of t?
13, 107
Let w be (18 + 1)*1 + -3. Suppose 0 = 6*g + 23 - 83. Let j = w + g. What are the prime factors of j?
2, 13
Suppose 0 = 5*d - 4*o - 4992 + 620, 4*d + 5*o - 3514 = 0. List the prime factors of d.
2, 3, 73
Let g(x) = 2*x**3 + 4*x**2 - 5*x + 90. What are the prime factors of g(6)?
2, 3, 53
Let t(a) = 170*a**3 + 13*a - 13. List the prime factors of t(2).
1373
Let q be 6/(-4)*68*3/(-9). What are the prime factors of q - -1 - (0 - -3)?
2
Let f be (-1)/((-1)/5)*-1. Let g = f - -7. What are the prime factors of g?
2
Let d = 2914 - 1363. List the prime factors of d.
3, 11, 47
Suppose 19*f - 4150 = 14*f. List the prime factors of f.
2, 5, 83
Let y = -194 + 239. List the prime factors of y.
3, 5
Let q be -282*4*2/(-12) + -2. Suppose v + g - 6*g = 71, 2*v + g - q = 0. List the prime factors of v.
7, 13
Let b(y) = -2*y + 11. Let a = -28 - -17. What are the prime factors of b(a)?
3, 11
Let v = -89 + 94. Suppose v*l - 5 = 0, 2*o - 334 = -l + 5*l. List the prime factors of o.
13
Let f(a) = 99*a - 7. Let h(u) = 97*u - 6. Let p(k) = -6*f(k) + 7*h(k). List the prime factors of p(3).
3, 5, 17
Let k(f) = 7*f**3 + 6*f**2 + 2*f - 16. List the prime factors of k(4).
2, 67
Suppose -5*o + q + 1320 = 367, -o + 184 = 2*q. Let h = o - 111. What are the prime factors of h?
79
Lis